reatest common factor of 3648 and 233326992?
912
Calculate the highest common divisor of 1631 and 11586857.
233
Calculate the greatest common divisor of 75 and 103090525.
25
What is the greatest common divisor of 37905 and 245677467?
7581
Calculate the highest common divisor of 740 and 705140.
20
Calculate the greatest common divisor of 19754615 and 109.
109
What is the highest common factor of 2854382 and 2?
2
Calculate the highest common divisor of 13720226 and 26.
26
What is the greatest common divisor of 735 and 8697255?
735
Calculate the highest common divisor of 7633333 and 886.
443
What is the highest common divisor of 3095 and 1045355?
5
What is the greatest common divisor of 1355 and 92682?
271
What is the greatest common factor of 2888 and 1662196?
76
Calculate the greatest common divisor of 190334 and 531.
59
What is the highest common factor of 1254 and 5899386?
114
Calculate the highest common factor of 3640 and 6658120.
280
Calculate the greatest common divisor of 4081320 and 675.
135
Calculate the greatest common factor of 106191 and 56993103.
3933
What is the greatest common factor of 18 and 50993610?
6
What is the highest common factor of 32853 and 1229802?
141
Calculate the highest common divisor of 221 and 11306789.
13
Calculate the highest common factor of 1559616 and 3648.
192
What is the greatest common divisor of 9964670 and 111110?
2710
What is the greatest common factor of 224 and 759904?
32
Calculate the highest common factor of 25 and 3225385.
5
What is the greatest common divisor of 17668 and 9755260?
2524
Calculate the greatest common factor of 525 and 30161250.
525
What is the greatest common divisor of 6625 and 20777749?
53
What is the highest common factor of 7899094 and 784?
98
What is the highest common factor of 165 and 858240?
15
Calculate the highest common divisor of 12255 and 1580637.
129
Calculate the highest common factor of 1005420 and 1220.
20
Calculate the highest common divisor of 3859180 and 28210.
130
Calculate the highest common factor of 1015759 and 2216.
277
Calculate the highest common factor of 629 and 400112561.
629
What is the highest common factor of 81747 and 323179?
293
What is the greatest common divisor of 1690 and 2948205?
845
Calculate the highest common factor of 15356 and 506.
22
What is the highest common factor of 92747 and 161027?
569
Calculate the highest common factor of 144882 and 2151.
9
What is the highest common divisor of 8532609 and 8694?
69
What is the highest common factor of 250 and 1584156?
2
Calculate the highest common divisor of 1715644 and 4473.
497
Calculate the highest common factor of 176840 and 568.
8
What is the highest common divisor of 4136 and 1330852?
188
Calculate the greatest common divisor of 2993683 and 952.
119
What is the greatest common factor of 28827896 and 2168?
2168
What is the highest common divisor of 94028 and 3916?
44
Calculate the highest common factor of 14532735 and 420.
105
What is the highest common factor of 339 and 114868907?
113
Calculate the highest common divisor of 387915 and 10560.
165
Calculate the greatest common factor of 689028991 and 1097.
1097
What is the greatest common factor of 11341603 and 208?
13
What is the greatest common divisor of 4536 and 10396?
4
Calculate the highest common factor of 164973 and 1284711.
1299
What is the greatest common divisor of 392 and 147720?
8
Calculate the highest common factor of 1118 and 3305259113.
559
What is the greatest common divisor of 3606 and 1643134?
1202
Calculate the highest common factor of 25407933 and 2859.
2859
What is the greatest common divisor of 88 and 2811896?
8
What is the greatest common divisor of 85522953 and 1115?
223
What is the greatest common divisor of 24673 and 36949?
11
What is the highest common factor of 773312 and 1406272?
2752
Calculate the highest common divisor of 76375295 and 805.
115
What is the greatest common factor of 24480 and 231390?
90
What is the greatest common factor of 1214445 and 45?
15
What is the highest common factor of 150359607 and 135?
9
What is the highest common divisor of 255 and 7908213?
51
Calculate the greatest common factor of 25902836 and 7268.
316
Calculate the highest common divisor of 5593 and 7962129.
329
Calculate the greatest common factor of 5492733 and 9.
3
Calculate the greatest common factor of 51266690 and 10.
10
Calculate the highest common factor of 34805746 and 1830.
122
Calculate the greatest common factor of 176754 and 358473.
993
What is the highest common divisor of 6352 and 3859634?
794
What is the greatest common factor of 38 and 254155438?
38
What is the greatest common factor of 4002105 and 999?
111
What is the highest common divisor of 48480 and 14142?
6
Calculate the greatest common factor of 96 and 877789728.
96
Calculate the greatest common divisor of 723307221 and 39.
39
What is the highest common factor of 2106 and 21872268?
162
What is the greatest common divisor of 61392066 and 1122?
102
What is the greatest common factor of 80725550 and 1550?
1550
What is the greatest common factor of 110625 and 26658750?
1875
Calculate the greatest common factor of 696 and 61879098.
174
Calculate the highest common divisor of 100660 and 12880.
140
Calculate the greatest common factor of 75516 and 16805964.
2436
Calculate the greatest common factor of 479074 and 34844.
62
What is the highest common divisor of 2846 and 417015842?
2846
What is the highest common divisor of 66094847 and 161?
161
Calculate the highest common divisor of 3173 and 132431.
167
Calculate the greatest common factor of 900 and 1223350.
50
What is the greatest common factor of 573574 and 5842?
46
What is the greatest common factor of 7569310 and 268380?
4970
What is the greatest common factor of 18400 and 1983200?
800
What is the greatest common divisor of 13891 and 3871757?
479
Calculate the highest common divisor of 242332 and 435682.
2578
What is the highest common factor of 914 and 475751167?
457
What is the greatest common divisor of 297817 and 868?
31
What is the greatest common divisor of 27 and 56814912?
27
Calculate the greatest common factor of 594 and 370845189.
297
What is the greatest common factor of 16547540 and 9160?
4580
Calculate the greatest common factor of 20490911 and 10773.
133
Calculate the greatest common divisor of 404336 and 407.
37
Calculate the highest common factor of 37925 and 343075.
25
What is the greatest common factor of 2951882 and 5983?
31
Calculate the highest common divisor of 15 and 325.
5
What is the greatest common divisor of 236727 and 37613?
29
What is the highest common factor of 18962437 and 7163?
247
Calculate the highest common factor of 75675 and 41175.
75
What is the highest common factor of 42399163 and 1861?
1861
Calculate the greatest common divisor of 4035 and 11809100.
1345
Calculate the highest common factor of 38340379 and 253.
253
Calculate the greatest common divisor of 64829116 and 99.
11
What is the greatest common factor of 19040 and 2615088?
112
Calculate the highest common divisor of 31014107 and 5266.
2633
Calculate the greatest common factor of 264 and 4103448.
24
What is the highest common divisor of 20072 and 97118372?
10036
What is the greatest common factor of 2525283 and 36?
9
Calculate the highest common divisor of 3159 and 53791452.
3159
What is the greatest common divisor of 3397729320 and 580?
580
What is the greatest common factor of 1488860 and 10440?
580
What is the highest common divisor of 133129430 and 2030?
2030
Calculate the highest common factor of 41262 and 5713729.
529
Calculate the greatest common factor of 89 and 35103024.
89
Calculate the greatest common divisor of 28750 and 483920.
230
What is the greatest common factor of 5387 and 22716979?
5387
What is the greatest common factor of 49775 and 42625?
275
Calculate the highest common divisor of 357489 and 2081178.
2277
Calculate the highest common factor of 9804575 and 15532.
3883
What is the greatest common factor of 921 and 332035850?
307
Calculate the greatest common factor of 222 and 30111747.
111
Calculate the greatest common divisor of 474336 and 214476.
732
Calculate the greatest common factor of 11268750 and 263238.
3606
Calculate the highest common divisor of 682474446 and 6.
6
Calculate